{"id":44,"date":"2025-06-26T10:56:54","date_gmt":"2025-06-26T10:56:54","guid":{"rendered":"https:\/\/med.uevora.pt\/musa\/?page_id=44"},"modified":"2026-03-23T15:53:35","modified_gmt":"2026-03-23T15:53:35","slug":"musa-musica-pela-sensibilizacao-ambiental","status":"publish","type":"page","link":"https:\/\/med.uevora.pt\/musa\/","title":{"rendered":"MUSA &#8211; M\u00fasica pela Sensibiliza\u00e7\u00e3o Ambiental"},"content":{"rendered":"<div class=\"et_pb_section_0 et_pb_section et_section_regular et_block_section et_animated\">\n<div class=\"et_pb_row_0 et_pb_row et-vb-row--no-module et_block_row\">\n<div class=\"et_pb_column_0 et_pb_column et_pb_column_2_5 et_block_column et_pb_column_empty et_pb_css_mix_blend_mode_passthrough\"><\/div>\n\n<div class=\"et_pb_column_1 et_pb_column et_pb_column_3_5 et-last-child et_block_column et_pb_column_empty et_pb_css_mix_blend_mode_passthrough\"><\/div>\n<\/div>\n<\/div>\n\n<div class=\"et_pb_section_1 et_pb_section et_section_regular et_block_section et_animated\" id=\"sobre\">\n<div class=\"et_pb_row_1 et_pb_row et_block_row\">\n<div class=\"et_pb_column_2 et_pb_column et_pb_column_1_2 et_block_column et_pb_css_mix_blend_mode_passthrough\">\n<div class=\"et_pb_heading_0 et_pb_heading et_pb_module et_block_module\"><div class=\"et_pb_heading_container\"><h1 class=\"et_pb_module_header\">O que \u00e9 o MUSA?<\/h1><\/div><\/div>\n\n<div class=\"et_pb_text_0 et_pb_text et_pb_bg_layout_light et_pb_module et_block_module\"><div class=\"et_pb_text_inner\"><p>MUSA \u00e9 um convite a escutar a natureza. Mais do que um projeto cultural, MUSA \u00e9 uma experi\u00eancia sensorial que pretende transformar florestas, parques e paisagens naturais da regi\u00e3o de \u00c9vora em PALCOS VIVOS.<\/p>\n<p>A proposta \u00e9 simples: reconectar-nos com o mundo natural atrav\u00e9s da m\u00fasica, n\u00e3o como pano de fundo, mas como linguagem partilhada. Entre trilhos e copas, a m\u00fasica \u00e9 o catalisador sensorial, a ponte que nos convida a escutar, valorizar e preservar o mundo natural que nos rodeia.<\/p>\n<\/div><\/div>\n<\/div>\n\n<div class=\"et_pb_column_3 et_pb_column et_pb_column_1_2 et-last-child et_block_column et_pb_css_mix_blend_mode_passthrough\">\n<div class=\"et_pb_heading_1 et_pb_heading et_pb_module et_block_module\"><div class=\"et_pb_heading_container\"><h1 class=\"et_pb_module_header\">PALCOS VIVOS - o que \u00e9?<\/h1><\/div><\/div>\n\n<div class=\"et_pb_row_2 et_pb_row et_pb_row_nested et_block_row\">\n<div class=\"et_pb_column_4 et_pb_column et_pb_column_4_4 et-last-child et_block_column et_pb_css_mix_blend_mode_passthrough\">\n<div class=\"et_pb_text_1 et_pb_text et_pb_bg_layout_light et_pb_module et_block_module\"><div class=\"et_pb_text_inner\"><p>Cada evento ocorre num espa\u00e7o natural diferente, anunciado na p\u00e1gina do MUSA. M\u00fasicos espalhados e absorvidos nestes espa\u00e7os naturais criam PALCOS VIVOS atrav\u00e9s de atua\u00e7\u00f5es imersivas, onde as notas entrela\u00e7am os sons da natureza.<\/p>\n<p>O projeto \u00e9 organizado pelo Instituto Mediterr\u00e2neo para a Agricultura, Ambiente e Desenvolvimento (MED) da Universidade de \u00c9vora em associa\u00e7\u00e3o com o Departamento de M\u00fasica da mesma institui\u00e7\u00e3o, a Associa\u00e7\u00e3o P\u00e9deXumbo, a Associ\u2019Arte e o ComCordas.<\/p>\n<\/div><\/div>\n<\/div>\n<\/div>\n<\/div>\n<\/div>\n<\/div>\n\n<div class=\"et_pb_section_2 et_pb_section et_section_regular et_block_section\" id=\"proximoEvento\">\n<div class=\"et_pb_row_3 et_pb_row et_block_row\">\n<div class=\"et_pb_column_5 et_pb_column et_pb_column_1_2 et_block_column et_pb_css_mix_blend_mode_passthrough\">\n<div class=\"et_pb_heading_2 et_pb_heading et_pb_module et_block_module\"><div class=\"et_pb_heading_container\"><h1 class=\"et_pb_module_header\">Pr\u00f3ximo evento - 11 Abril 2026<\/h1><\/div><\/div>\n<\/div>\n\n<div class=\"et_pb_column_6 et_pb_column et_pb_column_1_2 et-last-child et_block_column et_pb_css_mix_blend_mode_passthrough\">\n<div class=\"et_pb_heading_3 et_pb_heading et_pb_module et_block_module\"><div class=\"et_pb_heading_container\"><h1 class=\"et_pb_module_header\">Herdade da Mitra, Univ. de \u00c9vora<\/h1><\/div><\/div>\n<\/div>\n<\/div>\n\n<div class=\"et_pb_row_4 et_pb_row et_flex_row\">\n<div class=\"et_pb_column_7 et_pb_column et_flex_column et_pb_css_mix_blend_mode_passthrough et_flex_column_12_24 et_flex_column_12_24_tablet et_flex_column_24_24_phone\">\n<div class=\"et_pb_code_0 et_pb_code et_pb_module\"><div class=\"et_pb_code_inner\"><iframe src=\"https:\/\/www.google.com\/maps\/embed?pb=!1m18!1m12!1m3!1d978.4148847641388!2d-8.018047648793406!3d38.529757901676746!2m3!1f0!2f0!3f0!3m2!1i1024!2i768!4f13.1!3m3!1m2!1s0xd19f1c6a271f0b5%3A0xd54ddfaca9454367!2sUniversidade%20de%20%C3%89vora%20-%20Col%C3%A9gio%20dos%20Regentes%20Agr%C3%ADcolas!5e1!3m2!1sen!2spt!4v1767629346218!5m2!1sen!2spt\" width=\"600\" height=\"450\" style=\"border:0;\" allowfullscreen=\"\" loading=\"lazy\" referrerpolicy=\"no-referrer-when-downgrade\"><\/iframe><\/div><\/div>\n<\/div>\n\n<div class=\"et_pb_column_8 et_pb_column et-last-child et_flex_column et_pb_css_mix_blend_mode_passthrough et_flex_column_12_24 et_flex_column_12_24_tablet et_flex_column_24_24_phone\">\n<div class=\"et_pb_heading_4 et_pb_heading et_pb_module et_block_module\"><div class=\"et_pb_heading_container\"><h1 class=\"et_pb_module_header\">Palcos Vivos #2 \u2013 Yoga e m\u00fasica ao ritmo da natureza<\/h1><\/div><\/div>\n\n<div class=\"et_pb_text_2 et_pb_text et_pb_bg_layout_dark et_pb_module et_block_module\"><div class=\"et_pb_text_inner\"><p>No dia <strong>11 de abril<\/strong>, convidamos-te a viver uma experi\u00eancia diferente na <strong>Herdade da Mitra<\/strong>: uma manh\u00e3 que une <strong>yoga, m\u00fasica ao vivo e descoberta da biodiversidade<\/strong>, no \u00e2mbito da iniciativa <strong>MUSA \u2013 M\u00fasica pela Sensibiliza\u00e7\u00e3o Ambiental<\/strong>, promovida pelo <span><strong>MED \u2013 Instituto Mediterr\u00e2neo para a Agricultura, Ambiente e Desenvolvimento<\/strong><\/span> da <span><strong>Universidade de \u00c9vora<\/strong><\/span>.<\/p>\n<p>Entre posturas, sons e descobertas, esta experi\u00eancia convida-nos a <strong>abrandar, observar e reconectar com a natureza<\/strong>, lembrando-nos que <strong>o equil\u00edbrio da natureza \u00e9 tamb\u00e9m o nosso equil\u00edbrio<\/strong>.<\/p>\n<\/div><\/div>\n\n<div class=\"et_pb_module et_pb_button_module_wrapper et_pb_button_0_wrapper\"><a class=\"et_pb_button_0 et_pb_button et_pb_bg_layout_light et_pb_module et_flex_module\" href=\"https:\/\/med.uevora.pt\/musa\/palcos-vivos-2\/\" target=\"_blank\">Mais infoma\u00e7\u00e3o<\/a><\/div>\n<\/div>\n<\/div>\n<\/div>\n\n<div class=\"et_pb_section_3 et_pb_section et_section_regular et_block_section\">\n<div class=\"et_pb_row_5 et_pb_row et_block_row\">\n<div class=\"et_pb_column_9 et_pb_column et_pb_column_4_4 et-last-child et_block_column et_pb_css_mix_blend_mode_passthrough\">\n<div class=\"et_pb_heading_5 et_pb_heading et_pb_module et_block_module\"><div class=\"et_pb_heading_container\"><h1 class=\"et_pb_module_header\">Os nossos eventos...<\/h1><\/div><\/div>\n\n<div class=\"et_pb_blog_0 et_pb_blog et_pb_bg_layout_light et_pb_posts et_pb_module\"><div class=\"et_pb_ajax_pagination_container\"><div class=\"et_pb_posts et_grid_module\"><article class=\"et_pb_post et_pb_post_id_260 clearfix et_pb_blog_item_0_0 post-260 post type-post status-publish format-standard has-post-thumbnail hentry category-proximos-encontros\"><div class=\"et_pb_image_container\"><a href=\"https:\/\/med.uevora.pt\/musa\/palcos-vivos-2\/\" class=\"entry-featured-image-url\"><img loading=\"lazy\" decoding=\"async\" src=\"https:\/\/med.uevora.pt\/musa\/wp-content\/uploads\/2026\/03\/MUSA-Palcos-Vivos-nova-data-11-abril.png\" width=\"940\" height=\"788\" alt=\"Palcos Vivos #2\" class=\"\" \/><span data-icon=\"\ue050\" class=\"et_overlay et_pb_inline_icon\"><\/span><\/a><\/div><h2 class=\"entry-title\"><a href=\"https:\/\/med.uevora.pt\/musa\/palcos-vivos-2\/\">Palcos Vivos #2<\/a><\/h2><p class=\"post-meta\"><\/p><div class=\"post-content\"><div class=\"post-content-inner\"><p>Herdade da Mitra, \u00c9vora<br \/>\n11 de Abril, 2026<\/p>\n<\/div><\/div><\/article><article class=\"et_pb_post et_pb_post_id_231 clearfix et_pb_blog_item_0_1 post-231 post type-post status-publish format-standard has-post-thumbnail hentry category-proximos-encontros\"><div class=\"et_pb_image_container\"><a href=\"https:\/\/med.uevora.pt\/musa\/palcos_vivos_1\/\" class=\"entry-featured-image-url\"><img loading=\"lazy\" decoding=\"async\" src=\"https:\/\/med.uevora.pt\/musa\/wp-content\/uploads\/2025\/11\/social_media_vertical_5by3_V5.png\" width=\"1542\" height=\"2030\" alt=\"Palcos Vivos #1\" class=\"\" \/><span data-icon=\"\ue050\" class=\"et_overlay et_pb_inline_icon\"><\/span><\/a><\/div><h2 class=\"entry-title\"><a href=\"https:\/\/med.uevora.pt\/musa\/palcos_vivos_1\/\">Palcos Vivos #1<\/a><\/h2><p class=\"post-meta\"><\/p><div class=\"post-content\"><div class=\"post-content-inner\"><p>Jardim P\u00fablico, \u00c9vora<br \/>\n22 de Novembro, 2025<\/p>\n<\/div><\/div><\/article><\/div><\/div><\/div>\n<\/div>\n<\/div>\n<\/div>","protected":false},"excerpt":{"rendered":"","protected":false},"author":1,"featured_media":0,"parent":0,"menu_order":0,"comment_status":"closed","ping_status":"closed","template":"","meta":{"footnotes":""},"class_list":["post-44","page","type-page","status-publish","hentry"],"_links":{"self":[{"href":"https:\/\/med.uevora.pt\/musa\/wp-json\/wp\/v2\/pages\/44","targetHints":{"allow":["GET"]}}],"collection":[{"href":"https:\/\/med.uevora.pt\/musa\/wp-json\/wp\/v2\/pages"}],"about":[{"href":"https:\/\/med.uevora.pt\/musa\/wp-json\/wp\/v2\/types\/page"}],"author":[{"embeddable":true,"href":"https:\/\/med.uevora.pt\/musa\/wp-json\/wp\/v2\/users\/1"}],"replies":[{"embeddable":true,"href":"https:\/\/med.uevora.pt\/musa\/wp-json\/wp\/v2\/comments?post=44"}],"version-history":[{"count":73,"href":"https:\/\/med.uevora.pt\/musa\/wp-json\/wp\/v2\/pages\/44\/revisions"}],"predecessor-version":[{"id":279,"href":"https:\/\/med.uevora.pt\/musa\/wp-json\/wp\/v2\/pages\/44\/revisions\/279"}],"wp:attachment":[{"href":"https:\/\/med.uevora.pt\/musa\/wp-json\/wp\/v2\/media?parent=44"}],"curies":[{"name":"wp","href":"https:\/\/api.w.org\/{rel}","templated":true}]}}